?
68
Convert 19 (base 13) to base 11.
20
What is -4 (base 10) in base 4?
-10
Convert -7 (base 14) to base 6.
-11
What is 14a (base 15) in base 7?
601
7 (base 15) to base 10
7
2 (base 10) to base 3
2
c6 (base 14) to base 9
213
What is -8 (base 12) in base 9?
-8
What is 9 (base 12) in base 13?
9
16 (base 9) to base 14
11
10 (base 2) to base 8
2
0 (base 10) to base 5
0
4 (base 5) to base 9
4
Convert -11 (base 2) to base 11.
-3
Convert -101 (base 4) to base 15.
-12
Convert 1 (base 2) to base 3.
1
-4 (base 9) to base 8
-4
82 (base 12) to base 9
118
What is 0 (base 14) in base 5?
0
Convert 2 (base 10) to base 7.
2
What is -16 (base 11) in base 12?
-15
Convert f (base 16) to base 8.
17
10 (base 2) to base 13
2
-201 (base 3) to base 8
-23
-4 (base 5) to base 16
-4
Convert 162 (base 9) to base 10.
137
Convert -12 (base 4) to base 12.
-6
What is 1010 (base 4) in base 6?
152
-a6 (base 14) to base 2
-10010010
What is 139 (base 11) in base 9?
201
-14a (base 12) to base 10
-202
What is -1 (base 11) in base 9?
-1
What is 6 (base 10) in base 2?
110
Convert 1 (base 16) to base 3.
1
16 (base 10) to base 4
100
-10 (base 4) to base 3
-11
What is 14 (base 6) in base 10?
10
Convert 105 (base 7) to base 6.
130
Convert -20 (base 7) to base 16.
-e
What is 50 (base 9) in base 15?
30
Convert -31 (base 8) to base 16.
-19
24 (base 7) to base 2
10010
Convert -1 (base 11) to base 15.
-1
101010100 (base 2) to base 4
11110
Convert 2 (base 13) to base 9.
2
What is -7 (base 12) in base 2?
-111
-4 (base 16) to base 10
-4
4 (base 11) to base 7
4
-243 (base 5) to base 15
-4d
What is -2 (base 13) in base 10?
-2
Convert 41 (base 10) to base 8.
51
Convert 110 (base 2) to base 12.
6
Convert -3 (base 5) to base 7.
-3
What is -2 (base 7) in base 16?
-2
-18 (base 11) to base 12
-17
Convert 153 (base 9) to base 2.
10000001
Convert 15 (base 15) to base 3.
202
Convert -12 (base 14) to base 12.
-14
1 (base 12) to base 11
1
What is 0 (base 7) in base 14?
0
Convert -10 (base 14) to base 6.
-22
What is 22 (base 15) in base 10?
32
What is 1221 (base 3) in base 13?
40
Convert -123 (base 4) to base 3.
-1000
What is 1120 (base 3) in base 11?
39
Convert 1 (base 5) to base 6.
1
What is 477 (base 8) in base 6?
1251
-3 (base 5) to base 11
-3
2 (base 3) to base 9
2
Convert 10001 (base 2) to base 10.
17
Convert 16 (base 11) to base 5.
32
Convert 1 (base 7) to base 9.
1
What is 2 (base 14) in base 11?
2
-20 (base 16) to base 11
-2a
Convert 2 (base 16) to base 4.
2
What is -b (base 13) in base 12?
-b
Convert -1 (base 11) to base 8.
-1
What is b (base 15) in base 14?
b
2 (base 3) to base 14
2
-8 (base 16) to base 2
-1000
-341 (base 5) to base 7
-165
Convert 514 (base 6) to base 14.
d8
3 (base 14) to base 11
3
Convert 1 (base 7) to base 2.
1
Convert 3 (base 15) to base 4.
3
Convert -11 (base 5) to base 14.
-6
Convert -60 (base 12) to base 15.
-4c
What is -1 (base 16) in base 3?
-1
Convert -1111 (base 2) to base 11.
-14
Convert 46 (base 10) to base 15.
31
What is 2112 (base 3) in base 11?
62
Convert -121 (base 4) to base 10.
-25
What is 1 (base 13) in base 5?
1
What is -21 (base 11) in base 9?
-25
2 (base 16) to base 6
2
Convert -100 (base 2) to base 11.
-4
-1b (base 16) to base 8
-33
What is -10 (base 2) in base 16?
-2
b (base 12) to base 2
1011
What is -41 (base 15) in base 7?
-115
-26 (base 10) to base 4
-122
Convert 1 (base 5) to base 12.
1
Convert 11 (base 16) to base 6.
25
Convert 1 (base 15) to base 4.
1
Convert 6 (base 12) to base 9.
6
22 (base 3) to base 9
8
Convert -34 (base 6) to base 16.
-16
3 (base 9) to base 14
3
Convert 222 (base 3) to base 7.
35
What is -3 (base 14) in base 8?
-3
3 (base 6) to base 9
3
What is 17 (base 8) in base 5?
30
300 (base 5) to base 10
75
Convert 1 (base 15) to base 2.
1
-14 (base 10) to base 13
-11
-255 (base 6) to base 5
-412
-10011 (base 2) to base 5
-34
-5 (base 10) to base 5
-10
Convert 2 (base 13) to base 12.
2
0 (base 6) to base 2
0
What is bd (base 14) in base 6?
435
10101001 (base 2) to base 14
c1
Convert 1a (base 12) to base 2.
10110
Convert 3 (base 13) to base 4.
3
-1 (base 6) to base 13
-1
What is -4 (base 8) in base 16?
-4
-110 (base 2) to base 3
-20
2 (base 12) to base 7
2
What is -23 (base 4) in base 10?
-11
Convert 11 (base 6) to base 7.
10
What is -3 (base 13) in base 15?
-3
What is -28 (base 13) in base 4?
-202
-18b (base 12) to base 3
-100022
3 (base 4) to base 15
3
What is 6 (base 13) in base 15?
6
Convert 10 (base 5) to base 10.
5
What is -2212 (base 4) in base 16?
-a6
Convert 20020 (base 3) to base 15.
b3
1 (base 16) to base 12
1
What is -11011100 (base 2) in base 15?
-ea
-6 (base 16) to base 11
-6
-2 (base 6) to base 5
-2
-1120 (base 3) to base 14
-30
Convert 0 (base 11) to base 13.
0
What is 12 (base 4) in base 14?
6
158 (base 14) to base 16
112
-71 (base 14) to base 6
-243
Convert 0 (base 15) to base 11.
0
16 (base 8) to base 12
12
0 (base 11) to base 2
0
Convert 20 (base 4) to base 3.
22
Convert 12 (base 10) to base 16.
c
What is -3 (base 6) in base 12?
-3
213 (base 4) to base 7
54
55 (base 7) to base 13
31
Convert 2b (base 14) to base 11.
36
What is 112 (base 4) in base 11?
20
Convert 12 (base 3) to base 6.
5
e (base 15) to base 6
22
Convert -2 (base 13) to base 15.
-2
Convert 11 (base 16) to base 6.
25
-4 (base 12) to base 4
-10
Convert 4 (base 12) to base 16.
4
-8 (base 9) to base 13
-8
Convert -72 (base 14) to base 16.
-64
What is 31 (base 4) in base 6?
21
Convert -171 (base 8) to base 4.
-1321
Convert 41 (base 7) to base 13.
23
What is 7 (base 16) in base 5?
12
-30 (base 9) to base 8
-33
211 (base 3) to base 12
1a
Convert 1001101 (base 2) to base 8.
115
Convert -2 (base 5) to base 7.
-2
2031 (base 5) to base 8
412
What is -192 (base 11) in base 2?
-11011110
What is -22 (base 8) in base 15?
-13
Convert 89 (base 11) to base 14.
6d
Convert -9 (base 12) to base 2.
-1001
Convert 2 (base 7) to base 10.
2
What is -4 (base 9) in base 5?
-4
Convert 31 (base 9) to base 4.
130
What is 1 (base 9) in base 3?
1
Convert 4 (base 10) to base 8.
4
What is 2 (base 16) in base 9?
2
Convert 1122 (base 3) to base 6.
112
78 (base 9) to base 12
5b
Convert 70 (base 9) to base 8.
77
What is 12 (base 5) in base 12?
7
0 (base 15) to base 9
0
-a (base 16) to base 6
-14
53 (base 10) to base 7
104
Convert -2b (base 15) to base 11.
-38
Convert -2212 (base 3) to base 7.
-140
What is 32 (base 5) in base 4?
101
Convert 3 (base 10) to base 15.
3
Convert -223 (base 7) to base 3.
-11021
-200 (base 3) to base 13
-15
Convert -43 (base 6) to base 7.
-36
1 (base 4) to base 11
1
What is 3 (base 5) in base 3?
10
Convert 5 (base 9) to base 14.
5
What is 136 (base 7) in base 15?
51
Convert -6 (base 16) to base 3.
-20
-10 (base 2) to base 6
-2
What is a (base 14) in base 6?
14
7 (base 8) to base 11
7
What is -1 (base 10) in base 5?
-1
-7 (base 11) to base 12
-7
Convert -346 (base 7) to base 8.
-265
What is -20 (base 15) in base 4?
-132
Convert 321 (base 8) to base 6.
545
What is 10 (base 10) in base 7?
13
216 (base 8) to base 7
262
-3a (base 11) to base 4
-223
Convert -9 (base 11) to base 13.
-9
-17 (base 9) to base 16
-10
12 (base 6) to base 5
13
Convert 20 (base 6) to base 15.
c
-1001 (base 3) to base 9
-31
What is 1121 (base 3) in base 12?
37
4 (base 6) to base 10
4
28 (base 11) to base 4
132
3 (base 7) to base 10
3
What is -9 (base 11) in base 13?
-9
12 (base 4) to base 10
6
3 (base 9) to base 16
3
Convert 40 (base 14) to base 13.
44
2 (base 4) to base 2
10
Convert 101000 (base 2) to base 12.
34
Convert 1001 (base 3) to base 16.
1c
Convert -11000001 (base 2) to base 12.
-141
18 (base 9) to base 10
17
What is -3 (base 16) in base 15?
-3
1140 (base 5) to base 16
aa
62 (base 8) to base 11
46
142 (base 7) to base 13
61
Convert 87 (base 10) to base 7.
153
Convert -13 (base 7) to base 10.
-10
-41 (base 6) to base 16
-19
Convert 10 (base 16) to base 4.
100
What is -111000 (base 2) in base 8?
-70
What is -1000100 (base 2) in base 13?
-53
What is -2 (base 4) in base 16?
-2
Convert -4 (base 14) to base 6.
-4
What is -35 (base 12) in base 11?
-38
Convert -16 (base 7) to base 6.
-21
Convert c (base 13) to base 5.
22
Convert 10122 (base 3) to base 15.
68
What is 2 (base 6) in base 7?
2
Convert 33 (base 15) to base 8.
60
-3 (base 8) to base 2
-11
What is 153 (base 7) in base 3?
10020
0 (bas